9
1 (base 15) to base 16
1
What is 1 (base 9) in base 11?
1
Convert -6 (base 11) to base 16.
-6
Convert 24 (base 6) to base 13.
13
What is 18 (base 12) in base 5?
40
Convert -1 (base 5) to base 2.
-1
-10 (base 8) to base 4
-20
13 (base 15) to base 6
30
47 (base 8) to base 2
100111
Convert -1012 (base 3) to base 2.
-100000
-19 (base 10) to base 6
-31
-ff (base 16) to base 6
-1103
-44 (base 7) to base 16
-20
Convert 15 (base 6) to base 7.
14
30 (base 9) to base 14
1d
What is -180 (base 10) in base 5?
-1210
Convert 44 (base 13) to base 7.
110
Convert 3 (base 10) to base 12.
3
Convert -43 (base 11) to base 16.
-2f
-2 (base 14) to base 6
-2
Convert -16 (base 11) to base 8.
-21
Convert 7a (base 13) to base 15.
6b
-58 (base 10) to base 16
-3a
What is 237 (base 9) in base 16?
c4
What is 1011 (base 3) in base 4?
133
Convert 0 (base 16) to base 9.
0
Convert -64 (base 11) to base 14.
-50
Convert 6 (base 9) to base 14.
6
0 (base 14) to base 16
0
-1110 (base 3) to base 12
-33
Convert -1020 (base 3) to base 4.
-201
What is 4 (base 12) in base 7?
4
What is 4 (base 7) in base 10?
4
Convert -c (base 14) to base 8.
-14
Convert -8 (base 10) to base 8.
-10
What is -44 (base 12) in base 4?
-310
What is 1e (base 15) in base 8?
35
What is -14 (base 8) in base 5?
-22
What is 5 (base 7) in base 14?
5
1 (base 6) to base 9
1
What is 2 (base 10) in base 15?
2
Convert 14 (base 5) to base 7.
12
Convert 5 (base 16) to base 13.
5
-1 (base 10) to base 9
-1
What is -20 (base 9) in base 6?
-30
-1 (base 10) to base 9
-1
Convert 11 (base 15) to base 14.
12
Convert -3013 (base 4) to base 10.
-199
What is b (base 14) in base 6?
15
Convert 3 (base 12) to base 15.
3
c5 (base 13) to base 6
425
Convert 143 (base 5) to base 7.
66
Convert -10011 (base 3) to base 2.
-1010101
What is -15 (base 13) in base 2?
-10010
What is 10 (base 14) in base 6?
22
Convert -110001 (base 2) to base 10.
-49
Convert -7 (base 9) to base 14.
-7
Convert -23 (base 5) to base 7.
-16
What is -23 (base 9) in base 14?
-17
Convert 2 (base 9) to base 5.
2
What is 11011 (base 2) in base 8?
33
What is 46 (base 15) in base 13?
51
-112 (base 5) to base 9
-35
What is -296 (base 10) in base 9?
-358
What is 12 (base 13) in base 10?
15
What is -10 (base 13) in base 9?
-14
What is 12 (base 4) in base 13?
6
Convert 52 (base 10) to base 2.
110100
Convert -19 (base 14) to base 15.
-18
Convert 3 (base 12) to base 9.
3
Convert -10 (base 3) to base 10.
-3
35 (base 15) to base 4
302
Convert 133 (base 4) to base 3.
1011
-5 (base 8) to base 5
-10
0 (base 3) to base 12
0
Convert 78 (base 12) to base 3.
10102
Convert 3 (base 11) to base 8.
3
-4 (base 8) to base 3
-11
-1 (base 4) to base 10
-1
What is 3 (base 6) in base 14?
3
-1 (base 12) to base 8
-1
Convert -10 (base 7) to base 16.
-7
What is 212 (base 5) in base 2?
111001
0 (base 15) to base 13
0
What is 1 (base 9) in base 14?
1
What is 36 (base 10) in base 9?
40
What is -1 (base 9) in base 11?
-1
What is -3 (base 5) in base 12?
-3
What is -131 (base 5) in base 12?
-35
-5 (base 11) to base 6
-5
What is 2 (base 14) in base 16?
2
118 (base 11) to base 7
260
Convert -9 (base 11) to base 3.
-100
What is -15 (base 7) in base 4?
-30
-3 (base 9) to base 7
-3
2 (base 11) to base 14
2
What is 0 (base 9) in base 16?
0
Convert 463 (base 7) to base 15.
111
What is -7 (base 12) in base 5?
-12
Convert 37 (base 12) to base 16.
2b
72 (base 12) to base 6
222
11 (base 11) to base 16
c
Convert 5 (base 8) to base 16.
5
What is 36 (base 8) in base 5?
110
What is 11 (base 4) in base 13?
5
What is a (base 11) in base 13?
a
3e (base 16) to base 4
332
Convert 1201 (base 3) to base 13.
37
What is -1111 (base 2) in base 6?
-23
-220 (base 7) to base 10
-112
What is 22 (base 7) in base 3?
121
What is 1 (base 5) in base 10?
1
What is 101101 (base 2) in base 7?
63
-2300 (base 4) to base 5
-1201
-1 (base 2) to base 12
-1
What is 4 (base 13) in base 11?
4
Convert 1 (base 16) to base 5.
1
43 (base 14) to base 8
73
Convert 13 (base 12) to base 16.
f
Convert -202 (base 3) to base 13.
-17
What is -21 (base 12) in base 10?
-25
Convert -133 (base 4) to base 15.
-21
Convert 7 (base 11) to base 14.
7
Convert 118 (base 16) to base 11.
235
Convert -45 (base 9) to base 16.
-29
24 (base 5) to base 12
12
-89 (base 10) to base 11
-81
-203 (base 4) to base 5
-120
What is -2 (base 12) in base 4?
-2
6 (base 13) to base 5
11
Convert 1 (base 15) to base 8.
1
What is -340 (base 5) in base 6?
-235
What is 10 (base 8) in base 13?
8
What is -10 (base 15) in base 11?
-14
What is -46 (base 7) in base 15?
-24
Convert -1 (base 15) to base 6.
-1
-76 (base 8) to base 4
-332
Convert -10 (base 3) to base 16.
-3
What is -3 (base 14) in base 13?
-3
What is -1c (base 16) in base 6?
-44
Convert -20 (base 5) to base 8.
-12
Convert 3 (base 16) to base 5.
3
-1 (base 16) to base 2
-1
Convert -15 (base 7) to base 8.
-14
What is -101 (base 7) in base 15?
-35
Convert 12 (base 12) to base 16.
e
What is 7 (base 10) in base 13?
7
Convert -138 (base 11) to base 10.
-162
What is 120 (base 6) in base 5?
143
Convert -124 (base 5) to base 12.
-33
Convert -3 (base 15) to base 16.
-3
Convert -1001100 (base 2) to base 9.
-84
What is 24 (base 8) in base 7?
26
Convert 103 (base 10) to base 4.
1213
Convert -1 (base 13) to base 10.
-1
What is 2 (base 5) in base 12?
2
b (base 14) to base 8
13
2 (base 6) to base 7
2
What is 2 (base 12) in base 2?
10
What is 1 (base 15) in base 13?
1
What is -1001 (base 4) in base 11?
-5a
32 (base 10) to base 12
28
What is 100101 (base 2) in base 11?
34
What is 0 (base 5) in base 15?
0
0 (base 6) to base 10
0
What is 10 (base 4) in base 3?
11
73 (base 11) to base 13
62
-22 (base 6) to base 4
-32
What is -1010 (base 3) in base 15?
-20
What is -6 (base 13) in base 11?
-6
10 (base 7) to base 9
7
Convert 15 (base 14) to base 9.
21
Convert -131 (base 4) to base 9.
-32
Convert 4 (base 6) to base 14.
4
Convert 4 (base 12) to base 16.
4
What is -5 (base 16) in base 10?
-5
What is 10 (base 5) in base 3?
12
Convert -3 (base 11) to base 15.
-3
-3a (base 14) to base 5
-202
Convert -19 (base 14) to base 8.
-27
What is 4 (base 8) in base 13?
4
What is 20 (base 5) in base 6?
14
510 (base 7) to base 15
11c
-18 (base 13) to base 3
-210
What is -1222 (base 3) in base 4?
-311
What is -24 (base 5) in base 15?
-e
1000000 (base 2) to base 5
224
1 (base 8) to base 9
1
What is 1 (base 2) in base 15?
1
Convert -27 (base 10) to base 14.
-1d
What is 3 (base 11) in base 2?
11
Convert b7 (base 15) to base 14.
c4
Convert -1 (base 7) to base 11.
-1
What is -8 (base 14) in base 13?
-8
Convert -154 (base 8) to base 9.
-130
What is 140 (base 11) in base 15?
b0
What is 52 (base 13) in base 12?
57
What is 11010110 (base 2) in base 10?
214
0 (base 11) to base 10
0
Convert -6 (base 12) to base 6.
-10
20 (base 13) to base 11
24
What is -42 (base 5) in base 13?
-19
What is -151 (base 6) in base 5?
-232
Convert 32 (base 12) to base 10.
38
Convert 5 (base 11) to base 5.
10
What is -73 (base 14) in base 15?
-6b
What is -5 (base 9) in base 8?
-5
-11000 (base 2) to base 14
-1a
23 (base 6) to base 12
13
Convert -121 (base 3) to base 9.
-17
Convert -123 (base 7) to base 3.
-2110
What is -123 (base 8) in base 10?
-83
-10001 (base 2) to base 16
-11
Convert 22 (base 14) to base 10.
30
-23 (base 10) to base 4
-113
What is -84 (base 9) in base 16?
-4c
What is 2 (base 10) in base 14?
2
Convert -5 (base 8) to base 15.
-5
What is 1000 (base 2) in base 12?
8
4 (base 11) to base 8
4
Convert -2211 (base 3) to base 12.
-64
Convert 33 (base 14) to base 7.
63
What is -4 (base 9) in base 2?
-100
What is 3 (base 5) in base 4?
3
Convert -1d (base 14) to base 11.
-25
Convert -7 (base 9) to base 13.
-7
What is 1211 (base 4) in base 15?
6b
14 (base 5) to base 8
11
What is -32 (base 6) in base 4?
-110
Convert -20 (base 5) to base 3.
-101
What is -1 (base 3) in base 2?
-1
4 (base 7) to base 10
4
Convert 102 (base 3) to base 13.
b
What is -3 (base 9) in base 15?
-3
What is 163 (base 10) in base 15?
ad
Convert 0 (base 11) to base 12.
0
What is 11 (base 4) in base 3?
12
3 (base 4) to base 13
3
Convert -7 (base 10) to base 9.
-7
Convert -18 (base 9) to base 8.
-21
-6 (base 15) to base 14
-6
Convert -152 (base 7) to base 16.
-56
1 (base 9) to base 8
1
Convert 1 (base 10) to base 14.
1
What is 1b5 (base 14) in b